355 = -5*o + 5*k. Let b = 16 + -69. Let l = b + o. Is 12 a factor of l?
False
Let u(c) = 167*c + 44. Is u(6) a multiple of 13?
False
Suppose 8*c = 3*c + 2*q + 206, -5*c + 3*q = -209. Suppose -81 = 4*l + 5*i, -3*l - 56 = 3*i + 7. Let y = c + l. Is 8 a factor of y?
True
Let u be (-2)/(-8) + 2 + (-294)/(-8). Let q = u + -25. Is q a multiple of 5?
False
Let t be (-7)/(7/2) + 3. Suppose 11 - t = 5*j. Suppose 2*r + 0*r = 4*u - 8, -3*r + j*u = 0. Is r a multiple of 2?
True
Suppose 0 = 52*c - 30118 + 6926. Is 76 a factor of c?
False
Let i(w) = 5*w - 16. Let z(l) = -2*l + 8. Let j(r) = 4*i(r) + 9*z(r). Does 14 divide j(4)?
False
Suppose r + 89 = 3*r - o, -4*o = -4. Let c = 58 - r. Is 3 a factor of c?
False
Let d(c) = -3*c**3 + 12*c**2 + 62*c. Is 12 a factor of d(-4)?
False
Is ((-112)/(-32))/(2/1036 + 0) a multiple of 5?
False
Let l(t) = 5*t**2 - t - 5. Is l(-7) a multiple of 15?
False
Suppose 19*j - 17*j - 492 = 0. Is j/8 + 3/(-4) a multiple of 10?
True
Let f(v) = 3*v**2 + 7*v - 16. Let k be f(-13). Suppose 4*t + o = -2*o + 828, -k = -2*t - 5*o. Is 42 a factor of t?
True
Let t be 26/(3/((-12)/8)). Let g = -6 + t. Let u = g + 48. Is u a multiple of 13?
False
Let f = -20 + 28. Let g = -16 + f. Is ((-46)/(-8))/((-2)/g) a multiple of 23?
True
Suppose -a + 87 = t + 2*a, 0 = -2*a. Let x = t - -33. Is x a multiple of 10?
True
Let a(w) = -w**3 + 14*w**2 - 32*w - 23. Is a(10) a multiple of 2?
False
Let d(u) = 32*u. Let a = 5 - 1. Is 18 a factor of d(a)?
False
Suppose 0 = 4*t - 3352 + 372. Let l = -461 + t. Suppose 2*x - 161 = 3*w, 3*x - l = -4*w - 0*w. Is x a multiple of 22?
True
Let n(t) = -6*t + 7. Suppose 0 = -k - m + 17, k - 11 = 4*m + 11. Suppose 10*i = 11*i + k. Does 23 divide n(i)?
True
Let a be (0 - -12)*6/(-8). Let b = 21 + a. Let c = b + 3. Is c a multiple of 10?
False
Let v be (-4 + 4)*(2 - 10/4). Does 5 divide 5 + (30 - (1 - v))?
False
Let p = 32 - 28. Suppose -u - 108 = -g, 434 = p*g - 6*u + 3*u. Is 16 a factor of g?
False
Suppose 2*h = 3*v - 4, -2*h + 28 = h + 4*v. Suppose r + 2*r = -2*s + 535, -716 = -4*r - h*s. Does 30 divide r?
False
Suppose n - b = -3*b + 12, -n + 5*b = -12. Is n a multiple of 3?
True
Let t be ((-14)/(-3))/(12/1098). Let u = t + -248. Is u a multiple of 12?
False
Let r = 98 + -42. Let y = -3 + 9. Suppose y*t + r = 8*t. Is t a multiple of 11?
False
Let h = 74 - 81. Let m(b) = -9*b + 28. Let u(i) = -3*i + 9. Let x(p) = -2*m(p) + 7*u(p). Is 14 a factor of x(h)?
True
Suppose 0*m = 3*m - 15. Suppose 4*a + m*y - 29 = 15, 0 = -4*a + 4*y + 44. Does 11 divide a?
True
Suppose 0 = 1491*m - 1486*m - 1375. Does 55 divide m?
True
Let y(i) be the first derivative of i**3 + 3*i**2 - 5*i - 2. Is 23 a factor of y(-6)?
False
Suppose -2*m + 10 = 0, 5*m = 3*v - 138 - 41. Let u = v + 13. Suppose -4*x + 405 = u. Is x a multiple of 24?
False
Suppose 0 = 4*y - 4*s - 7096, 76*y - 2*s - 5319 = 73*y. Is y a multiple of 45?
False
Let m(p) = 1469*p + 1. Let a be m(1). Let b be a/40*4/1. Let h = b - 88. Is h a multiple of 15?
False
Suppose -4*p - 7 = -135. Let r = p + 7. Does 13 divide r?
True
Let g = 450 - 402. Is g a multiple of 13?
False
Suppose -9*w + 14*w = 725. Is 2 a factor of w?
False
Suppose 0 = 6*f - 8*f + 4. Suppose 11 = 2*t - b, -b = -f*t - t + 16. Suppose t*u - 193 = -4*w, 0*w - 2*u - 158 = -4*w. Is w a multiple of 14?
True
Let v be ((-7)/(7/(-40)))/(1 + 0). Suppose -v = -5*n + 4*n. Is n a multiple of 5?
True
Suppose 2*o = -0*l + 5*l + 450, 2*o - 482 = -3*l. Suppose -6*z - 73 = -o. Is z a multiple of 5?
False
Let b(c) be the first derivative of -3*c**2 + 4*c - 10. Is 43 a factor of b(-9)?
False
Let r be (-1 - (3 - 4)) + (-6 - -8). Suppose -5*w + 218 = a - w, 424 = 2*a + r*w. Does 15 divide a?
True
Suppose 0 = -u + 4*u - 3*v + 15, -18 = 4*u - 2*v. Suppose 2*g + 0 = 52. Let o = u + g. Is 11 a factor of o?
True
Suppose 2*w - 16 = -6. Suppose 0 = 2*x + 3*m - 4*m - 322, 0 = x - w*m - 170. Suppose -3*h + x = 2*h. Is h a multiple of 8?
True
Let t(f) = f**2 + 18*f + 135. Is t(-26) a multiple of 20?
False
Suppose -2*a = -5*l + 402, 308 = 2*l + 2*l - 5*a. Let t = 139 - l. Does 20 divide t?
False
Let r be -4*-6*30/(-9). Let h = 14 + r. Does 2 divide h/(-14) - (-6)/21?
False
Suppose -5*f + 91 + 79 = 0. Let a = -9 - -13. Suppose a*r - s - f = 0, 0*s = -5*r + 3*s + 46. Is r a multiple of 8?
True
Suppose 11 = 4*f - 9. Suppose -f = l, -5*d + 5*l + 59 = -171. Is d a multiple of 12?
False
Let t = 3599 + -2018. Is 93 a factor of t?
True
Let m be 2*((-2)/(-4) + 0). Is 4 a factor of m + 0 + -3 + 25?
False
Is (18/10)/((-2)/(-60)) a multiple of 19?
False
Suppose 0 = -j + 4*w + 200, 0*w + 4 = 2*w. Does 21 divide j?
False
Let s(q) = 157*q - 251. Is s(12) a multiple of 71?
True
Let g(f) = -8*f**3 + 12*f**2 - 25*f + 8. Let c(p) = -7*p**3 + 12*p**2 - 24*p + 7. Let k(m) = 7*c(m) - 6*g(m). Is k(10) a multiple of 3?
True
Suppose 6*a - 3*a + 186 = 0. Let k = -14 + 110. Let v = a + k. Is 22 a factor of v?
False
Suppose f - 76 - 6 = 0. Is f a multiple of 41?
True
Suppose -5*n - 108 = -3*n. Let m be 12/n - (-248)/(-18). Let b = 3 - m. Does 4 divide b?
False
Is 72 a factor of 7/(98/1620)*(90 - 62)?
True
Suppose 8 = 3*o - 7*o. Let f be ((-3)/(-4))/(o/(-8)). Suppose -f = -z + 29. Is z a multiple of 9?
False
Suppose 0 = 4*d - 2*y + 72, d = 4*y - y - 28. Let h(p) = p**3 + 16*p**2 - 3*p - 33. Is 4 a factor of h(d)?
False
Suppose -5*n - 3*f + 1 = -0, -3*f + 6 = 0. Does 12 divide (1 - 0) + 1*(-227)/n?
True
Suppose 35*r - 195 = 34*r. Is r a multiple of 48?
False
Let t(i) = -229*i + 1. Let d(p) = 229*p - 1. Let u(x) = -4*d(x) - 3*t(x). Let v be u(-1). Suppose -o = -6*o + v. Is o a multiple of 23?
True
Suppose -2*o + 0 = 5*h - 1, -2*o = -3*h - 9. Suppose -21 = -y + o*j - 94, 3*y - 4*j = -234. Let t = -52 - y. Does 15 divide t?
True
Let q = 11 + -4. Suppose -q = -3*l - 1. Suppose -3 = 3*t + l*u - 67, -5*t = u - 95. Is 13 a factor of t?
False
Let q(b) be the third derivative of -1/120*b**6 + 0*b + 0 - 1/3*b**3 - 2/15*b**5 - 3/8*b**4 + 3*b**2. Is 4 a factor of q(-7)?
True
Let j = 40 - 64. Let n be ((-4)/j)/((-3)/(-18)). Does 14 divide n/4 + (-2010)/(-24)?
True
Let o = -1 + -1. Let s be o/4*42/(-7). Suppose -4*y = -y + 3*c - 87, -111 = -s*y + 5*c. Is y a multiple of 6?
False
Suppose 3*w + 3*z - 69 = 0, -3*w + 17 + 56 = 4*z. Suppose 3*q = -v + w, v - 5*q - 13 = -2*q. Does 16 divide v?
True
Let g(y) = 150*y. Let x be g(6). Suppose 3*c + x = 8*c. Suppose 0 = -4*u + u + c. Does 20 divide u?
True
Suppose 9*p - 10*p + 2 = 0. Suppose -p*i - 3*i = 90. Does 9 divide (12/i)/(1/(-51))?
False
Let u = 79 - -162. Suppose 41 = -v + u. Does 10 divide v?
True
Let v(m) = 13*m**3 - m. Let o be v(1). Let d be (-3)/(3/o*4). Is 17 a factor of 1/(-2*d/306)?
True
Let d(u) = -35*u + 14. Does 74 divide d(-40)?
False
Let u(o) = -31*o - 6. Let v be u(-4). Let f = v - 55. Is 9 a factor of f?
True
Let m(b) = 4*b**2. Let a be m(1). Suppose -4*j - 18 = -2*k, -a*k - 3*j + 54 = -2*j. Is k a multiple of 4?
False
Suppose -4*p + i = -821, -7*i - 1024 = -5*p - 8*i. Does 13 divide p?
False
Let o(v) = 58*v**2 + 32*v - 101. Is 13 a factor of o(6)?
False
Suppose -5*a - 4 = -a. Let l be 2 + 15*2/a. Does 11 divide (6 - -3)/((-6)/l)?
False
Suppose 643*z = 640*z + 33. Does 11 divide z?
True
Let q = -13 - 29. Let b = q + 97. Is b a multiple of 19?
False
Let f = -199 + 1549. Suppose -2*s = 7*s - f. Does 10 divide s?
True
Suppose 2*b = -2*l + 74, 24 = -4*b + 40. Is l a multiple of 33?
True
Let v be (15/10)/((-2)/(-4)). Suppose 17 - v = 2*z. Let x(g) = -g**2 + 11*g - 4. Does 10 divide x(z)?
False
Let a(l) be the third derivative of 11*l**4/12 - 8*l**3/3 - 8*l**2. Is a(4) a multiple of 12?
True
Let u(a) = 2*a**3 - 3*a**2 + 1. Let b be u(2). Suppose -z + 0 = b*k + 10, -3*k - 3*z = 6. Is 8*(7/k - -4) a multiple of 2?
True
Let n = 72 + -126. Does 6 divide (-10)/(-3)*n/(-30)?
True
Does 6 divide 81 + -21*6/18?
False
Let q(r) = -141*r - 182. Does 34 divide q(-16)?
True
Suppose 0 = -4*d + 2*d + 148. Let t = d + -43. Let r = 60 - t. Is r a multiple of 12?
False
Let h(p) = -p**3 - 118. Suppose 4*q - 2*q - 12 = -3*a, -3*q = 5*a - 20. Let r be h(q). Let y = -82 - r. Does 18 divide y?
True
Let z = -38 + 48. Suppose 0 = -3*t + z + 5. Is t a multiple of 5?
True
Let u be ((-15)/(-9))/(2/6). Let k = -60 - -62. Suppose 2*w = -k*c + 138, 39 = -u*w + c + 39